{"id":9,"date":"2015-03-03T15:49:38","date_gmt":"2015-03-03T18:49:38","guid":{"rendered":"http:\/\/www.inf.ufes.br\/~todsantos\/?page_id=9"},"modified":"2025-08-14T15:27:18","modified_gmt":"2025-08-14T18:27:18","slug":"ensino","status":"publish","type":"page","link":"https:\/\/www.inf.ufes.br\/~todsantos\/ensino","title":{"rendered":"Ensino"},"content":{"rendered":"<p><strong>Ensino<\/strong><\/p>\n<ul>\n<li>Introdu\u00e7\u00e3o \u00e0 Computa\u00e7\u00e3o<\/li>\n<li>Programa\u00e7\u00e3o B\u00e1sica de Computadores<\/li>\n<li><a title=\"Programa\u00e7\u00e3o II\" href=\"http:\/\/www.inf.ufes.br\/~todsantos\/programacao-ii\">Programa\u00e7\u00e3o I<\/a><\/li>\n<li><a title=\"T\u00f3picos Especiais em Programa\u00e7\u00e3o\" href=\"http:\/\/www.inf.ufes.br\/~todsantos\/topicos-especiais-em-programacao\">T\u00f3picos Especiais em Programa\u00e7\u00e3o<\/a><\/li>\n<li><a title=\"Computa\u00e7\u00e3o Gr\u00e1fica\" href=\"http:\/\/www.inf.ufes.br\/~todsantos\/computacao-grafica\">Computa\u00e7\u00e3o Grafica<\/a><\/li>\n<li>Vis\u00e3o Computacional (mestrado)<\/li>\n<\/ul>\n<p>Para obter uma discrimina\u00e7\u00e3o de disciplinas lecionadas por per\u00edodo, favor consultar o <a href=\"http:\/\/lattes.cnpq.br\/5117339495064254\">Curriculum Lattes<\/a>.<\/p>\n","protected":false},"excerpt":{"rendered":"<p>Ensino Introdu\u00e7\u00e3o \u00e0 Computa\u00e7\u00e3o Programa\u00e7\u00e3o B\u00e1sica de Computadores Programa\u00e7\u00e3o I T\u00f3picos Especiais em Programa\u00e7\u00e3o Computa\u00e7\u00e3o Grafica Vis\u00e3o Computacional (mestrado) Para obter uma discrimina\u00e7\u00e3o de disciplinas lecionadas por per\u00edodo, favor consultar o Curriculum Lattes.<\/p>\n","protected":false},"author":1,"featured_media":0,"parent":0,"menu_order":1,"comment_status":"closed","ping_status":"closed","template":"","meta":{"footnotes":""},"class_list":["post-9","page","type-page","status-publish","hentry"],"_links":{"self":[{"href":"https:\/\/www.inf.ufes.br\/~todsantos\/wp-json\/wp\/v2\/pages\/9","targetHints":{"allow":["GET"]}}],"collection":[{"href":"https:\/\/www.inf.ufes.br\/~todsantos\/wp-json\/wp\/v2\/pages"}],"about":[{"href":"https:\/\/www.inf.ufes.br\/~todsantos\/wp-json\/wp\/v2\/types\/page"}],"author":[{"embeddable":true,"href":"https:\/\/www.inf.ufes.br\/~todsantos\/wp-json\/wp\/v2\/users\/1"}],"replies":[{"embeddable":true,"href":"https:\/\/www.inf.ufes.br\/~todsantos\/wp-json\/wp\/v2\/comments?post=9"}],"version-history":[{"count":7,"href":"https:\/\/www.inf.ufes.br\/~todsantos\/wp-json\/wp\/v2\/pages\/9\/revisions"}],"predecessor-version":[{"id":140,"href":"https:\/\/www.inf.ufes.br\/~todsantos\/wp-json\/wp\/v2\/pages\/9\/revisions\/140"}],"wp:attachment":[{"href":"https:\/\/www.inf.ufes.br\/~todsantos\/wp-json\/wp\/v2\/media?parent=9"}],"curies":[{"name":"wp","href":"https:\/\/api.w.org\/{rel}","templated":true}]}}