{"id":77,"date":"2015-03-16T17:04:32","date_gmt":"2015-03-16T20:04:32","guid":{"rendered":"http:\/\/www.inf.ufes.br\/~todsantos\/?page_id=77"},"modified":"2015-03-16T17:34:22","modified_gmt":"2015-03-16T20:34:22","slug":"publica","status":"publish","type":"page","link":"https:\/\/www.inf.ufes.br\/~todsantos\/publica","title":{"rendered":"Publica\u00e7\u00f5es"},"content":{"rendered":"<p>Minha lista de publica\u00e7\u00f5es est\u00e1 dispon\u00edvel no\u00a0<a href=\"http:\/\/lattes.cnpq.br\/5117339495064254\" target=\"_blank\">Curriculum Lattes<\/a>.<\/p>\n","protected":false},"excerpt":{"rendered":"<p>Minha lista de publica\u00e7\u00f5es est\u00e1 dispon\u00edvel no\u00a0Curriculum Lattes.<\/p>\n","protected":false},"author":5,"featured_media":0,"parent":0,"menu_order":3,"comment_status":"closed","ping_status":"closed","template":"","meta":{"footnotes":""},"class_list":["post-77","page","type-page","status-publish","hentry"],"_links":{"self":[{"href":"https:\/\/www.inf.ufes.br\/~todsantos\/wp-json\/wp\/v2\/pages\/77","targetHints":{"allow":["GET"]}}],"collection":[{"href":"https:\/\/www.inf.ufes.br\/~todsantos\/wp-json\/wp\/v2\/pages"}],"about":[{"href":"https:\/\/www.inf.ufes.br\/~todsantos\/wp-json\/wp\/v2\/types\/page"}],"author":[{"embeddable":true,"href":"https:\/\/www.inf.ufes.br\/~todsantos\/wp-json\/wp\/v2\/users\/5"}],"replies":[{"embeddable":true,"href":"https:\/\/www.inf.ufes.br\/~todsantos\/wp-json\/wp\/v2\/comments?post=77"}],"version-history":[{"count":3,"href":"https:\/\/www.inf.ufes.br\/~todsantos\/wp-json\/wp\/v2\/pages\/77\/revisions"}],"predecessor-version":[{"id":79,"href":"https:\/\/www.inf.ufes.br\/~todsantos\/wp-json\/wp\/v2\/pages\/77\/revisions\/79"}],"wp:attachment":[{"href":"https:\/\/www.inf.ufes.br\/~todsantos\/wp-json\/wp\/v2\/media?parent=77"}],"curies":[{"name":"wp","href":"https:\/\/api.w.org\/{rel}","templated":true}]}}