{"id":51,"date":"2015-03-09T16:43:22","date_gmt":"2015-03-09T19:43:22","guid":{"rendered":"http:\/\/www.inf.ufes.br\/~todsantos\/?page_id=51"},"modified":"2015-03-09T16:43:22","modified_gmt":"2015-03-09T19:43:22","slug":"topicos-especiais-em-programacao","status":"publish","type":"page","link":"https:\/\/www.inf.ufes.br\/~todsantos\/topicos-especiais-em-programacao","title":{"rendered":"T\u00f3picos Especiais em Programa\u00e7\u00e3o"},"content":{"rendered":"<p><strong>Objetivo:<\/strong><\/p>\n<p>A disciplina tem como objetivo preparar os alunos para programar competitivamente. O aluno trabalha os conceitos de programa\u00e7\u00e3o j\u00e1 assimilados em per\u00edodos anteriores focando na resolu\u00e7\u00e3o de problemas t\u00edpicos de competi\u00e7\u00f5es de programa\u00e7\u00e3o.<\/p>\n<p><strong>Programa Detalhado:<\/strong><\/p>\n<ol>\n<li>Introdu\u00e7\u00e3o\n<ul>\n<li>Programa\u00e7\u00e3o competitiva<\/li>\n<li>Dicas para ser competitivo<\/li>\n<li>Ad Hoc Problems<\/li>\n<\/ul>\n<\/li>\n<li>Estrutura de dados e bibliotecas\n<ul>\n<li>Vis\u00e3o geral de estrutura de dados<\/li>\n<li>Bibliotecas de estrutura de dados<\/li>\n<li>Bibliotecas pr\u00f3prias de estrutura de dados<\/li>\n<\/ul>\n<\/li>\n<li>Paradigmas de resolu\u00e7\u00e3o de problemas\n<ul>\n<li>Busca completa<\/li>\n<li>Dividir e conquistar<\/li>\n<li>Guloso<\/li>\n<li>Programa\u00e7\u00e3o din\u00e2mica<\/li>\n<\/ul>\n<\/li>\n<li>Problemas em geral\n<ul>\n<li>Grafos<\/li>\n<li>Matem\u00e1tica<\/li>\n<li>Processamento de strings<\/li>\n<\/ul>\n<\/li>\n<\/ol>\n","protected":false},"excerpt":{"rendered":"<p>Objetivo: A disciplina tem como objetivo preparar os alunos para programar competitivamente. O aluno trabalha os conceitos de programa\u00e7\u00e3o j\u00e1 assimilados em per\u00edodos anteriores focando na resolu\u00e7\u00e3o de problemas t\u00edpicos de competi\u00e7\u00f5es de programa\u00e7\u00e3o. Programa Detalhado: Introdu\u00e7\u00e3o Programa\u00e7\u00e3o competitiva Dicas &hellip; <a href=\"https:\/\/www.inf.ufes.br\/~todsantos\/topicos-especiais-em-programacao\">Continue reading <span class=\"meta-nav\">&rarr;<\/span><\/a><\/p>\n","protected":false},"author":5,"featured_media":0,"parent":0,"menu_order":0,"comment_status":"closed","ping_status":"closed","template":"","meta":{"footnotes":""},"class_list":["post-51","page","type-page","status-publish","hentry"],"_links":{"self":[{"href":"https:\/\/www.inf.ufes.br\/~todsantos\/wp-json\/wp\/v2\/pages\/51","targetHints":{"allow":["GET"]}}],"collection":[{"href":"https:\/\/www.inf.ufes.br\/~todsantos\/wp-json\/wp\/v2\/pages"}],"about":[{"href":"https:\/\/www.inf.ufes.br\/~todsantos\/wp-json\/wp\/v2\/types\/page"}],"author":[{"embeddable":true,"href":"https:\/\/www.inf.ufes.br\/~todsantos\/wp-json\/wp\/v2\/users\/5"}],"replies":[{"embeddable":true,"href":"https:\/\/www.inf.ufes.br\/~todsantos\/wp-json\/wp\/v2\/comments?post=51"}],"version-history":[{"count":1,"href":"https:\/\/www.inf.ufes.br\/~todsantos\/wp-json\/wp\/v2\/pages\/51\/revisions"}],"predecessor-version":[{"id":52,"href":"https:\/\/www.inf.ufes.br\/~todsantos\/wp-json\/wp\/v2\/pages\/51\/revisions\/52"}],"wp:attachment":[{"href":"https:\/\/www.inf.ufes.br\/~todsantos\/wp-json\/wp\/v2\/media?parent=51"}],"curies":[{"name":"wp","href":"https:\/\/api.w.org\/{rel}","templated":true}]}}